= w**2 + 5*w + 4. Suppose -1 = -5*k + 9. Suppose 4*b = -5*p - 12, -p - 18 + 6 = 4*b. Suppose -6 = -p*c + k*c. What is g(c)?
-2
Let y be (-4)/(-14) - (-2)/(-7). Let g(u) be the third derivative of -u**4/24 + u**3/2 - 77*u**2. What is g(y)?
3
Let k(d) = 7 - 2*d - 395*d**2 + 794*d**2 - 400*d**2. What is k(-6)?
-17
Let i(x) = -x**2 + 4*x - 2. Let s(u) be the second derivative of u**4/6 - 2*u**3/3 + u**2 + 8*u. Suppose 4*y - 6 = 2. Let q be s(y). Give i(q).
2
Let q(d) = -10*d**3 + d**2 + d - 1. Let w be ((-6)/(-4))/(5/((-100)/(-6))). Suppose -6 = -3*r + 3*v, 4 + w = 5*r - 4*v. Determine q(r).
-9
Suppose 3*j = -3*r + 9, r + 3*r = -j + 18. Let l(a) = -2*a**3 + 6*a + 4. Give l(j).
8
Let k(z) = -z**2 - 5*z + 1. Let c(a) = -a + 1. Let g(j) = -c(j) + k(j). Let m = 53 - 58. Give g(m).
-5
Let a(b) = -11*b - b**2 - 13*b + 2 - 1 + 19*b. Suppose 5 = -m - 0*m. What is a(m)?
1
Suppose 14 = 3*s - 1. Let i(z) = -16 + 1636*z + z**2 - 1641*z + 10. Determine i(s).
-6
Let x(b) = 4*b**2 - 4*b - 12. Let s be x(5). Let i = -74 + s. Let l(y) = -y**2 - 7*y + 3. What is l(i)?
9
Let h(m) = -2*m + 6. Let k be h(4). Let g(d) = -d**3 - d**2 + d - 1. Let q(x) = 2 - 7*x**3 - 2*x**3 + 10*x**3 - 4*x - x. Let w(v) = 3*g(v) + q(v). Give w(k).
7
Let d(o) = -o**3 + 7*o**2 - 2*o - 6. Let s be d(6). Suppose 6*y - s = 3*y. Let p(j) = 5*j + 3 + 23*j**2 - 11*j**2 - 13*j**2. Give p(y).
-3
Let c = -76 - -75. Let p be (-1)/5 - c*(-22)/(-10). Let q(n) = -2*n**2 + 2*n + 2. Calculate q(p).
-2
Let d(z) be the third derivative of z**5/60 - 5*z**4/24 + 3*z**3/2 - 187*z**2. Calculate d(5).
9
Let u(v) = v**2 + 3*v - 1. Suppose 0 = -19*z + 16*z + 9. Suppose -z*l = l - 16. Suppose 45 = -5*f - 4*h, -12 = -l*f - 3*h - 47. Give u(f).
9
Let k(v) be the third derivative of v**5/60 - v**4/8 - v**3/2 + v**2. Suppose 0 = 5*p - n - 13, 0*p + 11 = 4*p - n. Suppose 2*w = w - p. Give k(w).
7
Let j(g) = 14*g + 29. Let y(v) = -5*v - 2. Let p(t) = -2*j(t) - 6*y(t). Give p(19).
-8
Let a(l) = l**3 + 8*l**2 + l + 10. Let u be a(-8). Let k(d) = -2*d**2 - 5*d + 0*d + u - 3*d + 4. Calculate k(-6).
-18
Let w(d) be the first derivative of -d**4/24 + d**3/2 + 3*d**2/2 - 19. Let a(l) be the second derivative of w(l). What is a(8)?
-5
Let w(z) = 6*z + 182. Let u be w(-31). Let x(k) = -k**2 - 4*k - 1. Give x(u).
-1
Let p(b) = -b + 19. Let q be p(8). Let j(x) = -x**2 - 1 + 2 + 26*x**3 - q*x**3. What is j(-1)?
-15
Let m(n) be the first derivative of n**3 - 3*n**2/2 + 2*n + 11. Determine m(2).
8
Let g be 0/(-2) + 6 + -2. Suppose g = 2*f - 0. Let k(i) = -6*i**2 + 3*i**2 - i**f. Determine k(-1).
-4
Suppose 0 = -y - 2*k + 8, 5*k = y - 29. Suppose 68 = -9*j + y. Let t(g) = g - 3. Determine t(j).
-9
Let n(a) = a**2 + 12*a - 4. Let h(j) = j**2 + 13*j - 5. Let r(o) = 5*h(o) - 6*n(o). Let v = -16 - -12. Determine r(v).
11
Let j be 86/30 - (-2)/15. Let m(v) = v**3 - 2*v**2 - v - 3. Give m(j).
3
Let s = 43 + -20. Suppose 0 = 4*w - 0*w + 5*j - s, -5*w - j + 55 = 0. Let m(l) = 0*l**3 - w + 7*l**2 - l**3 + 4 - 4*l. Determine m(6).
4
Let r(s) = -8*s. Let k = 1422 + -1418. What is r(k)?
-32
Let r(q) = q**2 + 5*q + 2. Let o(l) = l - 3. Let f be o(9). Let m be 5 + -8 + f + -1. Let t be -2*((-8)/m)/(-4). What is r(t)?
-4
Suppose 6*y - 4*y + 56 = 4*a, -4*a - 5*y = -28. Let m(h) = -27*h - 10 + 15*h + a*h + h**3 - h**2. Give m(0).
-10
Let f be (4 - 0)*(-44)/(-88). Let x(n) = 5*n**2 - n - 1. What is x(f)?
17
Let b = -119 + 124. Suppose b*o = -2*k - 39, o + k = -k - 3. Let t(v) = -v - 12. Give t(o).
-3
Let l(m) = -3*m + 7. Let w(v) = v - 2. Let o(j) = -4*l(j) - 11*w(j). Let u be (30/(-21))/((-7)/49). Calculate o(u).
4
Let w(g) be the first derivative of -g**6/360 - g**5/40 - g**4/6 + 2*g**3 - 3. Let p(o) be the third derivative of w(o). Calculate p(-3).
-4
Let k(c) = -c**2 - 7*c - 2. Let h(m) = -3*m + 9. Let n be 7 - (3 + 0/(-3)). Let s be h(n). Calculate k(s).
10
Let h = 15 + -21. Let x(n) = 2*n**2 - 4*n + 5. Let o(d) = -d**2 - 1. Let w(u) = -3*o(u) - x(u). What is w(h)?
10
Let a(m) be the first derivative of m**4/4 - m**3 + 2*m**2 + 18. Calculate a(3).
12
Let x = -866 + 1733/2. Let k(m) be the first derivative of 8*m - x*m**2 + 1. What is k(6)?
2
Let p(f) be the first derivative of -f**4/4 + 2*f**3 + 4*f**2 - 5*f - 81. Give p(7).
2
Let s(n) be the first derivative of -n**4/4 - 7*n**3/3 - n**2 + 8*n + 720. Calculate s(-6).
-16
Let p(m) = 123*m**3 + 16*m**2 - 8*m - 7. Let n(a) = 67*a**3 + 8*a**2 - 4*a - 3. Let v(x) = -11*n(x) + 6*p(x). Calculate v(-8).
23
Let n = -521 - -527. Let p(b) = -b**2 - 3*b + 8. Calculate p(n).
-46
Suppose 3*m = 15, -m = -4*g - 0*g + 15. Suppose g*s - 12 - 18 = 0. Let j(h) = -h**2 + 7*h - 5. Give j(s).
1
Let s(h) = -5*h**2 + 10*h**2 - 6*h**2 - 2*h - 3. What is s(-2)?
-3
Let l(v) = 7*v + 2. Let g(m) be the second derivative of m**3/6 - 7*m. Let z(w) = g(w) - l(w). Give z(-2).
10
Suppose 0 = 42*o - 5 + 5. Let d(g) be the second derivative of 4*g - g**2 + o + 1/6*g**3. Give d(4).
2
Let w(j) = 3*j + 13. Let c(o) be the second derivative of -o**3/3 - 7*o**2/2 - 2*o. Let i = 5 + -11. Let v(f) = i*w(f) - 11*c(f). Determine v(-1).
-5
Let z = -1560 + 1559. Let y(f) = -16*f - 1. Give y(z).
15
Let x = 1 - -2. Let z be (-6)/(-30) - (42/5)/(-3). Let s(t) = t**2 + 4*t + 4*t**2 - 1 - z*t**2 - t**3. Determine s(x).
2
Let h = -97 - -68. Let t = h + 32. Let w(k) = k + 4. Calculate w(t).
7
Suppose -2*f + 3 - 4 = -5*g, -2*g + 4*f = -10. Let d(u) = 1 + 13*u**2 - 4 + 2*u + 4. What is d(g)?
12
Let u(w) = -w**3 + 7*w**2 + 2. Let d be u(7). Let x(j) = -7*j + 1 + j**3 + j + 4*j**d + 3*j. Let s = 6 - 11. What is x(s)?
-9
Let s(h) = -13*h**2 - 16*h - 5. Let f(l) = -4*l**2 - l + 1. Let i(q) = -3*f(q) + s(q). Determine i(-11).
14
Let b be (14/(-2)*-1)/(181/(-362)). Let i(d) = -d**3 - 14*d**2 - d - 14. What is i(b)?
0
Suppose 6 - 15 = -3*m. Let n(c) = 1 - 8*c**2 + m*c**2 + c**3 + c + 3 - 3. Calculate n(2).
-9
Let k(j) be the second derivative of 1/15*j**5 + 5/24*j**4 - 1/120*j**6 + j + 1/3*j**3 + 7/2*j**2 + 0. Let g(q) be the first derivative of k(q). Give g(5).
2
Let o(t) = t + 1. Let q be 1/(2*3/(-6)). Let k(f) = -f + 1. Let h(i) = q*k(i) + 3*o(i). Suppose 20*l = 17*l - 9. Determine h(l).
-10
Let w(z) be the second derivative of z**4/12 + 5*z**2/2 - 2*z. Suppose 11*s - 6*s = 55. Let t = -11 + s. Calculate w(t).
5
Let i(n) = -3*n**2 + 2*n. Let x(s) = 7*s**2 - 3*s + 1. Let y(c) = 5*i(c) + 2*x(c). Determine y(6).
-10
Let z(v) = -6*v - 1. Let s(u) = -u + 8. Let b = 25 + -15. Let h = 19 - b. Let y be s(h). What is z(y)?
5
Suppose 0 = 8*z - 15 - 33. Let h(p) = 4*p - 4. Determine h(z).
20
Let q(j) = 2*j - 1. Let p(d) = 2*d. Let i(a) = a. Let z(t) = t - 2. Let u be z(-1). Let n(h) = u*i(h) + 2*p(h). Let l(r) = -7*n(r) + 3*q(r). Calculate l(0).
-3
Let t(b) be the first derivative of -b**3/3 + 2*b**2 + 5*b - 16. Suppose 1 = -3*r + 25. Let c be 84/16 - (-6)/r. Determine t(c).
-7
Let i(m) be the second derivative of -m**5/40 + m**4/4 - 13*m**3/6 + 5*m. Let o(z) be the second derivative of i(z). Determine o(4).
-6
Let l(s) be the third derivative of -s**6/120 + 17*s**5/60 - 3*s**4/4 + 29*s**3/6 - 538*s**2. Give l(16).
-3
Let s(z) = z**2 + z. Let u = 9 + -9. Suppose 2*x = g + 4 - 5, u = 5*x - 5*g + 10. Let o be (x/4*0)/2. Calculate s(o).
0
Suppose 8*r - 57 = -17. Let o(s) = s**3 - 3*s**2 - 2*s. Determine o(r).
40
Suppose 2*w + w + 4*x = -5, -5*x + 41 = -3*w. Let d(l) = -l**3 - 6*l**2 + 7*l - 1. What is d(w)?
-1
Suppose 6*z + 6 = 24. Let k(v) = 36 - 17 - 19 - 3*v. Let b(i) = -6*i + 1. Let w(q) = -3*b(q) + 5*k(q). What is w(z)?
6
Let y(u) = 3*u**2 + 7*u - 5. Let m(q) = 6*q**2 + 15*q - 11. Let r(i) = 2*m(i) - 5*y(i). Suppose 2*v = -0*v - 8. Determine r(v).
-25
Let v(s) = -s**2 - 6*s + 3. Let h be v(-6). Let b(p) = -1 - 11*p**2 - h*p + 0*p + 12*p**2. Determine b(4).
3
Let a be (15/(-3))/((-1)/1). Suppose -2*d - a = 3*d - 5*y, 3*d + 5*y + 27 = 0. Let h(t) = t**2 + 3*t + 2. Determine h(d).
6
Suppose 5*z = 2*q - 29, 3*q + 3*z = z + 34. Let r = -9 + q. Let f(v) = -2*v + r*v - 6*v - 4 - v**2. Give f(-4).
0
Let n(t) = -2*t**2 - 3*t + 2. Suppose -2*l + 2*o - 6 = -0*l, o + 3 = -l. What is n(l)?
-7
Let r(t) = 7*t**2 + 2*t - 7. Let w(n) = -5*n**2 - 2*n + 6. Let z(a) = -5*r(a) - 6*w(a). Suppose 0 = -i - 5*f + 7, 0 = 4*i - 5*f + 4*f - 7. Calculate z(i).
-17
Suppose -5*y - 7 - 43 = -